9 + 819. What is the tens digit of n?
5
Suppose 3*m = 7*m - 1004. What is the units digit of m?
1
Suppose 0 = -4*c - 666 + 702. Let t(p) = 2*p**2 - 2*p - 6. Let k be t(-4). Suppose h - k + c = 0. What is the tens digit of h?
2
Let t = 6135 - 2859. What is the tens digit of t?
7
Suppose 2*m - 2*t = 10, -4*m + 75 = 5*t + 19. Let x be 0/((-2*2)/(-2)). Suppose 3*w - m = x, 0*w + 2*w + 26 = s. What is the units digit of s?
2
What is the tens digit of ((-100840)/60)/(21/9 - 3)?
2
Suppose 3*a = -5*d + a + 100, 4*d - 5*a = 47. Suppose 2 + 28 = -5*y. Let s = y + d. What is the tens digit of s?
1
Suppose -2*n - 1 + 11 = 0. Suppose 0 = -4*m, f = 3*f - n*m - 136. Suppose 31 = 4*z + 2*d - 41, -3*z - 5*d + f = 0. What is the tens digit of z?
1
Suppose 0 = -2*m + o - 2, 5*m - 5*o + 6 = -3*o. Let d be ((-8)/(-12))/(m/(-240)). Suppose 5*k = -0*k + d. What is the units digit of k?
6
Let b(d) = -d**2 + 1. Let v be b(1). Let s(f) = v + 2 + 3*f**2 - 3 + 3*f. What is the units digit of s(2)?
7
Suppose 5*a = -5 - 0, 0 = -4*f - 5*a + 347. Let b be (3/2)/(9/(-192)). Let x = b + f. What is the units digit of x?
6
What is the units digit of 1 - 2 - 1*-2 - -370?
1
What is the tens digit of 8 + (-11 + 5 - -132)?
3
Suppose 20 = 6*o - 8*o. Let m = 37 - o. What is the tens digit of 1*(m*-2)/(-2)?
4
Suppose 8*p - 444 = 1500. What is the tens digit of p?
4
Let y be (-12)/21 + (-585)/(-7). Suppose 0 = 7*i - 183 - y. What is the tens digit of i?
3
Suppose -2*q + 0 = 5*k - 1, 4*k - 20 = 0. Let n be (4/q)/((-2)/30). Suppose o - n - 1 = 0. What is the units digit of o?
6
Let z(x) = -x**3 - x + 33. Let k be z(0). Let y be (-3)/4 - k/(-12). Suppose y*l - 176 = -2*l. What is the tens digit of l?
4
Let p(g) = 3 + 9*g + 46*g + 10*g. What is the hundreds digit of p(3)?
1
Suppose -84*j = -87*j + 5742. What is the thousands digit of j?
1
What is the hundreds digit of 1339 + -5*2/10?
3
Let m = 60 + -49. Suppose 8 = -m*l + 12*l. What is the units digit of l?
8
Let m be (-1)/2 + (-11)/(-2). Suppose 3*c - 50 = -m*v, 3*c - 2*v - 2 = 2*c. What is the units digit of 6/c + 710/25?
9
Suppose -i - 14 = -55. Let y = -6 + i. What is the units digit of y?
5
Suppose -5*r - 2*o - 3954 = -9*r, 0 = 4*r + 3*o - 3959. What is the hundreds digit of r?
9
Let z = 390 - -321. What is the hundreds digit of z?
7
Let y(v) be the third derivative of -4/3*v**3 + 0 - 7/60*v**5 + 0*v + 1/12*v**4 + 1/120*v**6 - 3*v**2. What is the units digit of y(7)?
6
Let t(u) be the first derivative of u**3/3 + 7*u**2 - 11*u - 13. Let d be t(-15). What is the tens digit of (-30 - 1)/(d - 5)?
3
What is the units digit of (9 - 2) + -46 + 4645?
6
Let o(n) = -2*n**2 - 198*n - 7. What is the hundreds digit of o(-7)?
2
Let v = 3297 + -1579. What is the units digit of v?
8
Suppose -2*u = 2*i - 1 + 893, -872 = 2*i - 2*u. Let b = -225 - i. What is the tens digit of b?
1
Let j(x) = -x**3 - 37*x**2 + 104*x + 3. What is the tens digit of j(-40)?
4
Let o = -24 + 28. Suppose 5*k = 2*q - 25, -3*q + o*k - k + 15 = 0. Suppose -3*w = -3*h + 60, q*h = -h + 4*w + 23. What is the units digit of h?
9
Let f(n) = -n**3 - 5*n**2 + 10*n - 1. Let j be f(-8). Suppose -3*o = -7 - 161. Let b = j - o. What is the units digit of b?
5
Let t(o) = o**2 + 21. Let k be t(0). Let g = 59 + -24. Let u = k + g. What is the tens digit of u?
5
Suppose -5*q = 5*g + 2433 - 6638, 3*g = 4*q - 3329. What is the units digit of q?
6
Let f(j) = 7*j**3 - 4*j + 4. Let n be f(3). Let z be (16/24)/(2/9). Suppose n = z*p + 46. What is the tens digit of p?
4
Let f = -848 - -1684. What is the units digit of f?
6
Let l = 51 + -33. Suppose 5*a = 2*a + l. What is the units digit of a?
6
Let p = 7 - 10. Let i be p + 1 + 24 + 3. What is the units digit of i - (0 - (1 + -3))?
3
Suppose 16 = 6*s + 4. Suppose -6*m - 20 = -s*m, b = -m. What is the units digit of b?
5
Suppose -4*z - p - 4*p = -1128, 2*p - 1116 = -4*z. Suppose -1110 + z = -7*c. What is the units digit of c?
9
Let d be (-1 + -12 + 3)*(-1 - -2). Let t = d + 20. What is the units digit of t?
0
Suppose -u = -5*x + 5, 2*x + 6 = 5*u - 3*u. Suppose 31 = x*q - 3. What is the units digit of q?
7
Let v(a) = -a**3 + 8*a**2 - 8*a + 7. Let h be v(7). Let x be h - (-3)/(-6)*76. What is the units digit of (-1 + 0)/(2/x)?
9
Let r(a) = 2*a**2 + 6*a + 7. Let b be r(-2). Suppose 2*y - 120 = -b*y. What is the units digit of y?
4
Let j(w) = -14*w**3 - 9*w**2 + 5*w + 23. What is the tens digit of j(-5)?
2
Suppose -5*u + 810 = -2*u. Suppose 3*d - 266 = 2*r - 6*r, 4*r - u = -5*d. What is the tens digit of r?
6
Let i(s) = 62*s - 175. What is the tens digit of i(8)?
2
Let d(c) = -29*c - 14. Suppose -11*q + 8*q - 18 = 0. What is the units digit of d(q)?
0
Let k be (-2 - -1)*(-7 - -5). Suppose 35 = k*p - 179. Suppose 2*s - 132 = 2*q, 4*q + 92 = 3*s - p. What is the units digit of s?
5
Let t be (-6)/1 - 3*(-2)/(-2). Let q = t - -15. What is the units digit of q?
6
Let p(d) be the second derivative of -d**5/20 + 7*d**4/6 - 7*d**3/3 + 15*d**2 + 15*d. What is the tens digit of p(13)?
1
Suppose j - 197 = 4*z, -3*j + 3*z + 356 + 208 = 0. What is the hundreds digit of j?
1
Let h(k) = 16*k - 39. Let p(y) = 15*y - 38. Let v(w) = -4*h(w) + 5*p(w). What is the tens digit of v(5)?
2
Suppose -7*s = -2666 - 1450. What is the tens digit of s?
8
Let l(o) = -27*o + 60. What is the units digit of l(-22)?
4
Let k(x) = x**3 + 10*x**2 - 15*x + 6. What is the hundreds digit of k(6)?
4
Let t = -9 + -1. Let x(g) = -4*g + 2. Let k(i) = -i. Let h(w) = -3*k(w) + x(w). What is the tens digit of h(t)?
1
Suppose -578 = -2*w + 1040. What is the hundreds digit of w?
8
What is the thousands digit of -11 - (-23)/(69/10218)?
3
Let p(v) = 252*v**2 - 4*v + 1. What is the units digit of p(1)?
9
Suppose 13 = 4*z + u - 2, 4*u + 30 = 2*z. Suppose 102 = z*y - 4*i, -93 = y - 6*y + i. What is the units digit of y?
8
Let f(a) = -a**3 + 15*a**2 - 15*a + 18. Let o be f(14). Suppose -o*s + 32 = -3*s. Suppose -2*y + 20 = -s. What is the tens digit of y?
2
Suppose 1496 = 3*n - 2*t, 0 = -0*n + 2*n + t - 1009. What is the hundreds digit of n?
5
Suppose -11*u = 4*x - 9*u - 11172, -13959 = -5*x - 4*u. What is the units digit of x?
5
Let q(m) = -m**2 - 63*m + 158. What is the thousands digit of q(-38)?
1
Let k = -7 - -12. Suppose -5*x - 76 = -r, -k*r = 2*x - 371 - 36. What is the units digit of r?
1
Let z(n) = -12*n**3 + 8*n - 4. Let l(y) = -y**3 + y. Let k(u) = 3*u + 11. Let o be k(-4). Let d(j) = o*z(j) + 6*l(j). What is the tens digit of d(2)?
4
Let f be 3814/30 - (-42)/(-315). Suppose -f - 56 = -3*x. What is the units digit of x?
1
What is the hundreds digit of 208/(-468) - (-7006)/9?
7
Let n = -1375 + 1971. What is the hundreds digit of n?
5
Suppose -141 = -b - 157. Let i(d) = -3*d - 9. Let q be i(-7). What is the tens digit of -87*(1 + b/q)?
2
Suppose 0 = -5*n - 20, -2*q + q - 5*n - 26 = 0. What is the units digit of (0 + 1)*(58 + q)?
2
What is the hundreds digit of 380 - (-6 + 0) - -9?
3
Let w(a) = 2*a. Let o(y) = -y - 1. Let h(d) = o(d) + w(d). Let z be h(3). Suppose -z*k + 10 = 0, -5*q + 172 = 2*k - 73. What is the tens digit of q?
4
Suppose -9*m + m = -32. Suppose 3*v - 2*q - 27 = 43, -m*v + 95 = -3*q. What is the tens digit of v?
2
Suppose -8 = k + 3*k. Let v = -5 - k. Let i(p) = -13*p + 2. What is the tens digit of i(v)?
4
Suppose 1931 = 4*r - 5*w, -6*r + 4*w + 964 = -4*r. What is the units digit of r?
4
Suppose 14*g - 4503 = 10211. What is the units digit of g?
1
Let z = 27 + -27. Suppose 5*a - 193 = -4*r, -3*a + z*a + 2*r = -129. What is the tens digit of a?
4
Suppose 6*q - 17*q + 4400 = 0. What is the units digit of q?
0
Suppose 3*g = 5*g. Suppose g = 3*p + 2*l - 13, 0 = 5*p - 5*l + l - 29. Suppose p*d - 9*d + 56 = 0. What is the tens digit of d?
1
Suppose -4*v = 5*h + 84, -2*v + h + 11 - 39 = 0. Let s(t) = -2*t + 17. Let f be s(8). What is the units digit of f/(-2) - 376/v?
3
Let b(v) = -v**2 + 16*v + 13. Let t be b(17). What is the units digit of (742/(-28))/(2/t)?
3
Suppose -2548 + 1849 = -h. What is the tens digit of h?
9
Let x = 0 - -25. What is the units digit of (5/(x/(-28)))/((-3)/30)?
6
Let q be 12/(-30) + 43/(-5) + -2. What is the hundreds digit of q/(-55) - 1408/(-10)?
1
Let t be (10/3)/(2/129). Suppose 12*q + t = 17*q. What is the units digit of q?
3
Let c(d) = -d**2 - 5*d - 2. Let g 